 is -1122220 - 121?
-1200111
In base 2, what is -10011111111000 + 1?
-10011111110111
In base 7, what is -1426 - -1151?
-245
In base 14, what is -a34aa + 2?
-a34a8
In base 15, what is 2008 - -3a?
2043
In base 14, what is 39 + -55bb?
-5582
In base 3, what is 110200222 - 2?
110200220
In base 15, what is 164 + -121?
43
In base 8, what is -1760734 + -4?
-1760740
In base 5, what is -4 + -10344340?
-10344344
In base 5, what is -143 - 14422?
-20120
In base 11, what is 5 - -933?
938
In base 6, what is -3 + -412213?
-412220
In base 6, what is 1500534 + -41?
1500453
In base 12, what is -2219 + b?
-220a
In base 11, what is -5 - -9740?
9736
In base 7, what is -2 + -25363?
-25365
In base 2, what is -11000110 - -11110000?
101010
In base 4, what is -3 - 1333301?
-1333310
In base 5, what is -12102 + -1?
-12103
In base 12, what is 520a - -15?
5223
In base 2, what is 10001001 - -111010100?
1001011101
In base 12, what is a5 + 516?
5bb
In base 10, what is -59266 + 44?
-59222
In base 10, what is 3 - 7466?
-7463
In base 4, what is -33 - -211120?
211021
In base 5, what is 32 + -304?
-222
In base 8, what is -2 - 30111?
-30113
In base 9, what is -1440061 + -5?
-1440066
In base 11, what is 39 + 6?
44
In base 8, what is 25 - 12475?
-12450
In base 15, what is -1d78d5 - 3?
-1d78d8
In base 11, what is 66 - -835?
8a0
In base 3, what is 1102210 - 2122?
1100011
In base 8, what is -1154 - 62?
-1236
In base 9, what is -3 - -77832?
77828
In base 7, what is 21 + -100?
-46
In base 15, what is -144a9 + -3?
-144ac
In base 10, what is -329314 - 1?
-329315
In base 8, what is 4 + -316070?
-316064
In base 9, what is -383643 + -4?
-383647
In base 3, what is 1210 - -121010001?
121011211
In base 6, what is 24 - -510?
534
In base 9, what is 12082710 - 4?
12082705
In base 15, what is 1 + 1c00?
1c01
In base 5, what is 211424 + 21?
212000
In base 11, what is -951 + 261?
-6a0
In base 5, what is 23 + 4114104?
4114132
In base 14, what is 2c5512 - 2?
2c5510
In base 3, what is -1012 + 2100220?
2022201
In base 3, what is -1122021 - 120200?
-2012221
In base 6, what is -220 - 3311?
-3531
In base 9, what is -5645612 - -3?
-5645608
In base 5, what is -111302 - 431?
-112233
In base 10, what is -4 - -104103?
104099
In base 4, what is -10 - 11201?
-11211
In base 9, what is 5 + 13875?
13881
In base 11, what is 2 + 25286?
25288
In base 16, what is 3920 - -15?
3935
In base 3, what is 1011 + -101022122221?
-101022121210
In base 7, what is 624 - 26316?
-25362
In base 13, what is 1 + -260ba1?
-260ba0
In base 4, what is -103 - 3300?
-10003
In base 8, what is -37 + -3572?
-3631
In base 6, what is 11123444 - 12?
11123432
In base 9, what is 342478 - 5?
342473
In base 2, what is 1 + 11010110100011100?
11010110100011101
In base 10, what is -9 + -6629?
-6638
In base 4, what is -33 - -33330?
33231
In base 5, what is 22 + 1022202?
1022224
In base 9, what is 6 + 12278?
12285
In base 3, what is 21020 + -12221?
1022
In base 16, what is -25f4c + -2?
-25f4e
In base 14, what is -1059 + -2?
-105b
In base 3, what is 110100222 - 1001?
110022221
In base 15, what is 378 + 301?
679
In base 6, what is 11035 + -111?
10524
In base 5, what is 100 + 41113?
41213
In base 8, what is -3 - -21602?
21577
In base 6, what is 2123 - -330?
2453
In base 5, what is -424021 - -12?
-424004
In base 3, what is 10 - 20211102201?
-20211102121
In base 13, what is -4 + 31947?
31943
In base 14, what is -11ccb - 5?
-11cd2
In base 2, what is 100010 - -1001100101?
1010000111
In base 12, what is -a - 14813?
-14821
In base 13, what is a + 4c2?
4cc
In base 4, what is -11132313 + -310?
-11133223
In base 14, what is -101c83 - -3?
-101c80
In base 12, what is 6 - -42a0?
42a6
In base 9, what is -3055216 + -2?
-3055218
In base 12, what is 272 - 55a?
-2a8
In base 7, what is -2236444 - 5?
-2236452
In base 10, what is 17083 - 130?
16953
In base 11, what is 445 - -23?
468
In base 16, what is 2 + -4fb66?
-4fb64
In base 7, what is -465 - -1116?
321
In base 3, what is -1112211 - 102222?
-1222210
In base 11, what is -8 - -8691?
8684
In base 7, what is 213 - -1131?
1344
In base 2, what is -111010101100000011 - -11?
-111010101100000000
In base 9, what is -101432 + -3?
-101435
In base 9, what is -21187 - -1?
-21186
In base 16, what is -5 - -244d?
2448
In base 9, what is -6 + -1332?
-1338
In base 5, what is 2001 + -31?
1420
In base 2, what is 100010011000011 - -101?
100010011001000
In base 5, what is 4 - -123440321?
123440330
In base 4, what is 102 - 1101033?
-1100331
In base 13, what is 36191 + 12?
361a3
In base 14, what is -17 - 271?
-288
In base 16, what is -857d - 4?
-8581
In base 7, what is 1436 + 4021?
5460
In base 12, what is 1a1 + 273?
454
In base 8, what is -2 - 1065237?
-1065241
In base 5, what is -2 + 24214304?
24214302
In base 15, what is 39d4 - -25?
3a09
In base 8, what is 116 - -1125?
1243
In base 16, what is d3485 - 3?
d3482
In base 11, what is 166 + -19a?
-34
In base 16, what is -4ff1 + -4?
-4ff5
In base 10, what is -23 + 3852?
3829
In base 13, what is -6 - 9535?
-953b
In base 5, what is 21 - -120313?
120334
In base 16, what is 10 + 807d?
808d
In base 16, what is -5 - -42d01?
42cfc
In base 4, what is 11 - -1211323?
1212000
In base 10, what is 352074 + 4?
352078
In base 11, what is -3448 + 34?
-3414
In base 9, what is -28020 + -10?
-28030
In base 12, what is 5 - 15417a?
-154175
In base 4, what is 102 - 21001130?
-21001022
In base 3, what is 12 + 110100101102?
110100101121
In base 8, what is -11 - 362?
-373
In base 12, what is -16b + 2509?
235a
In base 7, what is -152210 - 0?
-152210
In base 10, what is 731 - -147?
878
In base 7, what is 25525 + -514?
25011
In base 8, what is -1120 + 31?
-1067
In base 10, what is 150 - -2?
152
In base 6, what is 3012542 - 1?
3012541
In base 8, what is 3 + 37765?
37770
In base 6, what is -14 + 155404?
155350
In base 12, what is 315415 - 1?
315414
In base 8, what is -1145 + 10?
-1135
In base 2, what is 1011010011011001 + 101?
1011010011011110
In base 7, what is 2104 - 133?
1641
In base 4, what is -30331120 + 0?
-30331120
In base 14, what is -15cd - -5?
-15c8
In base 3, what is 11021201 - 110?
11021021
In base 7, what is -5064 - -13?
-5051
In base 8, what is -5562 - 10?
-5572
In base 7, what is -1 - 43242?
-43243
In base 3, what is -11100210212 - 12?
-11100211001
In base 6, what is 142304 + 20?
142324
In base 7, what is -1204 - -1446?
242
In base 2, what is 111010100 + 1000101001?
1111111101
In base 13, what is 4 + -241a9?
-241a5
In base 9, what is 5 - 10025?
-10020
In base 9, what is 58555 - 22?
58533
In base 15, what is -9 - -e08?
dee
In base 13, what is 5a1 - 73b?
-16a
In base 5, what is -240 + 11203?
10413
In base 13, what is ba5 - -16?
bbb
In base 12, what is 16a455 + 0?
16a455
In base 6, what is -453040 - 4?
-453044
In base 7, what is -35046 + 1?
-35045
In base 10, what is -1341 + 879?
-462
In base 11, what is -7409 - -1a?
-739a
In base 6, what is 32134232 + 2?
32134234
In base 6, what is -2445 + -132?
-3021
In base 2, what is -11 - 10000010011000?
-10000010011011
In base 12, what is a44 + 34?
a78
In base 10, what is 5690 + -19?
5671
In base 14, what is 0 + 3638a?
3638a
In base 9, what is 3 + -424006?
-424003
In base 13, what is -97 + 750?
686
In base 8, what is -74 + 5122?
5026
In base 3, what is 1102201 + 11202?
1121110
In base 11, what is 310 - 28?
293
In base 11, what is 1975 + -312?
1663
In base 13, what is 41c - -1448?
1867
In base 15, what is 17436 - -2?
17438
In base 4, what is -111 - 11010330?
-11011101
In base 11, what is -624 - 25?
-649
In base 3, what is 111 - -110201?
111012
In base 6, what is -155 - 1502?
-2101
In base 13, what is -4 - -71b6?
71b2
In base 10, what is 64 - -47?
111
In base 4, what is 3332232 - 12?
3332220
In base 3, what is 1112201200121 + -20?
1112201200101
In base 13, what is 5 - -11203?
11208
In base 12, what is 33a55 - -a?
33a63
In base 7, what is -43 - -16?
-24
In base 11, what is -11a - 731?
-850
In base 16, what is -9 - -a367?
a35e
In base 14, what is 8 - -275?
27d
In base 12, what is 10793 - -45?
10818
In base 13, what is -207 - -2c6?
bc
In base 9, what is 552011 + -3?
552007
In base 6, what is 223 - 151?
32
In base 16, what is 327a - 42?
3238
In base 11, what is 542a - 32?
53a8
In base 9, what is -1754 + 34?
-1720
In base 2, what is -1111100100101001110111 - 11?
-1111100100101001111010
In